64 - 2670. What is the remainder when g is divided by 15?
13
Calculate the remainder when (-10704)/(-80) - ((-7)/(-21) + 32/(-60)) is divided by 108.
26
Suppose 31485*z = 31489*z - 2636. What is the remainder when z is divided by 209?
32
Let x(w) = 90*w - 167. Calculate the remainder when 506 is divided by x(2).
12
Suppose 20861*o = 20956*o - 1520. Calculate the remainder when 126 - 0*(2 + -3) is divided by o.
14
Suppose 0 = 8*n - 16. Suppose 11*z - 689 = -n*z. Calculate the remainder when 421 is divided by z.
50
Suppose p + 33 = o, 4*p + 160 = -p + 4*o. Let k = p - 61. Let u = k + 96. What is the remainder when 7 is divided by u?
0
Suppose -42*i - 946 = -81*i + 1316. What is the remainder when 348 is divided by i?
0
Let f = -249 + 264. What is the remainder when 1 is divided by 2/3*8/(80/f)?
0
Suppose 12*a - 1446 = -2*a + 1522. What is the remainder when a is divided by 205?
7
Let d be (-5 - -7)/((-1)/(-3)). What is the remainder when 37 is divided by 6 - d/9*-6?
7
Let r be (53/(-2))/(1/(-2)). Let b = r + -35. What is the remainder when 2/(-10)*-5 + -3 + 107 is divided by b?
15
Let p(b) = 8*b + 11. Let s(v) = 8*v + 12. Let d(k) = -6*p(k) + 7*s(k). Let w = 9816 - 9818. Calculate the remainder when 2 is divided by d(w).
0
Suppose 0 = -f, -8 = -4*w + 2*f - 3*f. Calculate the remainder when 237 is divided by 0 + w + (-3 - -16).
12
Let a(k) = 10*k**2 - 182*k + 1925. Calculate the remainder when a(11) is divided by 84.
41
Suppose 3*m = -3*z + 732, -z - 99*m + 246 = -97*m. What is the remainder when z is divided by 69?
35
Suppose 0 = -3*f - 17 - 1. Suppose -4*m + 669 = 569. Calculate the remainder when f/4*-82 - -1 is divided by m.
24
Suppose -20*i - 335 + 5949 = -2986. What is the remainder when 5159 is divided by i?
429
Suppose -43 = -f - 31. Let r be 7/(-2)*(-167 + -2 + 1). Suppose -r - 28 = -14*t. Calculate the remainder when t is divided by f.
8
Suppose -5*i + 3867 = 4*p, 765 = i + 2*p + 3*p. Calculate the remainder when i is divided by 62.
31
Suppose 5*w + 1334 = 2*f + 486, 4*f - 3*w = 1668. Let m = -288 + f. Calculate the remainder when m is divided by 16.
14
Suppose -i = -3*o - 463, -130*o = -3*i - 125*o + 1421. Calculate the remainder when i is divided by 14.
11
Suppose 0 = 5*a + 3*w + 2029, -11*w - 413 = a - 8*w. Let t = 423 + a. What is the remainder when 37 is divided by t?
18
Suppose -3*d - 2*d + 55 = 0. Suppose 0 = -0*w - w + d. What is the remainder when 48*((-30)/(-18) + -1) is divided by w?
10
Let c = -421 + 424. Suppose -4*u + c*b = -784, -5*u = -3*u - 4*b - 382. What is the remainder when u is divided by 52?
43
Let z = -9 - -36. Let q(f) = -f**3 + 28*f**2 - 159*f + 40. Calculate the remainder when q(8) is divided by z.
21
Suppose 28*x - 272 = -74*x + 12682. What is the remainder when 6983 is divided by x?
125
Let y = -33 - -49. Suppose -1679 = -7*b - 349. Calculate the remainder when b is divided by y.
14
Suppose 37*q + 111 = 666. What is the remainder when 1451 is divided by q?
11
Suppose 2*b + 8 = 54. Let w = 23 + b. Suppose 6*n + 3*z - 4 = 5*n, -4*z + 22 = 2*n. Calculate the remainder when w is divided by n.
21
Suppose -28*n + 262 = 26 - 520. Calculate the remainder when (2/1)/(6/219) is divided by n.
19
Suppose 2*l - 5 = 5*s, l = 4*l. Let j be (-2 + 3)/(5/4 + s). Suppose -j*v - 7*v + 242 = 0. What is the remainder when 108 is divided by v?
20
Let r = 3633 + -3243. What is the remainder when r is divided by 7?
5
Let w(k) = k**3 + 5*k**2 - 4*k - 5. Let r(z) = 2*z**3 - 59*z**2 + 433*z. What is the remainder when r(17) is divided by w(-4)?
1
Suppose -55*x - f = -53*x - 248, x - 124 = -2*f. Calculate the remainder when 2479 is divided by x.
123
Let v(l) = -71*l - 1. Let b = -307 + 350. Calculate the remainder when v(-3) is divided by b.
40
Suppose -5155*x = -5166*x + 957. Let r(i) = -i + 37. Calculate the remainder when x is divided by r(0).
13
Suppose a + i = 1527, a + 28*i = 26*i + 1521. Calculate the remainder when a is divided by 64.
61
Let l(m) = m + 23. Suppose -k = -4*k + 6, 3*f + k - 29 = 0. Calculate the remainder when l(8) is divided by f.
4
Let a(x) = -16 - 3 - 20 + 6*x + 9. Let b be a(10). Calculate the remainder when (740/b)/(2/6) - 2 is divided by 25.
22
Let v(s) = -3*s - 7. Let b(r) = -6*r - 15. Let f(k) = 2*b(k) - 5*v(k). Let u be 3/(-5)*(11 + -16). Calculate the remainder when 26 is divided by f(u).
12
Let f(w) = 4*w**2 + 10*w - 7. Let u = 152 - 145. What is the remainder when f(u) is divided by 10?
9
Let y = -387 - 1597. Let q = 2072 + y. Suppose -3*h = -5*h + 30. What is the remainder when q is divided by h?
13
Let j(a) = a**2 + 21*a + 22. Let t be j(-20). Suppose t*c - 4*r - 46 = 0, -12*r - 22 = -c - 9*r. What is the remainder when 97 is divided by c?
22
What is the remainder when (-16)/18 - -1 - (-80095)/45 is divided by 15?
10
Let p(v) = -12*v**2 - 23 - 4 + 9*v**2 + 2*v**2 - 11*v. Calculate the remainder when 26 is divided by p(-6).
2
Suppose -196*r = -181*r - 2085. Calculate the remainder when 151 is divided by r.
12
Let a = 82 + -101. Let y = 61 + a. What is the remainder when 64 is divided by y?
22
Suppose -v + 3*v - 264 = -3*l, -2*v + 272 = 5*l. Suppose -5*x + 117 = -2*x - 4*k, 5*x - 4*k = 203. What is the remainder when v is divided by x?
40
Suppose 2*p - 4 - 38 = -2*q, -5*q + 5*p = -95. Suppose -c - q = -2*w - 6*c, c + 2 = 0. Suppose -g + w + 9 = 0. What is the remainder when g is divided by 3?
0
Suppose 3*i - 2548 = -3*w + i, 0 = -w - 2*i + 844. What is the remainder when w is divided by 19?
16
Suppose -5*l = -3*y - 60, 0 = 3*l + 2*y - 4*y - 35. Suppose l*k = 5*k + 150. What is the remainder when 101 is divided by k?
11
Suppose 0 = 3*l - 456*a + 455*a - 1155, -4*l + 1530 = -3*a. What is the remainder when l is divided by 131?
125
Let t be 10/(3 - (-77)/(-28)). Suppose -638 = -t*a + 82. Calculate the remainder when 263 is divided by a.
11
Suppose 0 = 9*o - 1030 + 4648. Let l = -315 - o. Suppose 3*g = t + 69, 3*g - 4*t - 59 = 10. What is the remainder when l is divided by g?
18
Suppose 0 = -24*a + 28*a - m - 36, -3*a = m - 20. Suppose -5*l = -a - 22. Calculate the remainder when 22 is divided by l.
4
Suppose 57*b = 112*b - 2365. Calculate the remainder when 339 is divided by b.
38
Suppose 6671 = 36*d - 3877. Let a = d - 234. What is the remainder when a is divided by 6?
5
Let d(j) = -j**2 + 6*j + 60. Let c be d(-5). Suppose -m + c*w + 15 + 57 = 0, 3*m = -5*w + 296. What is the remainder when m is divided by 49?
43
Suppose -6*m + 16 - 136 = 0. Let x(v) = v**3 + 21*v**2 + 20*v - 18. Let y be x(m). Calculate the remainder when 41 is divided by ((-21)/y)/(4/24).
6
Let u be 93/2*6/9. Let v = -11 + u. Let k = -759 - -765. What is the remainder when v is divided by k?
2
What is the remainder when (-11640)/(-15)*1 - -15 is divided by 3?
2
Suppose -2*o + 6*o = 36. Let a be 8 - 1/(-3)*-12. Suppose -a*u = -7*u + 78. What is the remainder when u is divided by o?
8
Let y be (-3)/(-4) + 143/44. Suppose 2*l - g = 54, -y*g = -g + 12. What is the remainder when 221 is divided by l?
21
Let p(h) = 2*h**2 - 2*h - 5. Suppose 3*l + 11 = d, l - 5 + 10 = d. Let o = 236 + -162. What is the remainder when o is divided by p(l)?
17
Suppose -7*l + 2523 + 6094 = 0. Calculate the remainder when l is divided by 46.
35
Suppose 22*y - 5*z = 23*y - 2853, 3*y - 2*z - 8542 = 0. Calculate the remainder when y is divided by 57.
55
Suppose -22 - 8 = -6*j. Suppose 5*k + j = -0. Calculate the remainder when 129 is divided by k/(3/33)*-3*1.
30
Let h(l) = 43*l**2 + 809*l - 46. What is the remainder when 136 is divided by h(-19)?
30
Suppose 11622 = 32*c + 5*c - 41325. Calculate the remainder when c is divided by 205.
201
Let g(v) = 2*v - 3. Let a be g(4). Let j be (-6 + (0 - -2))*a/20. What is the remainder when j/(-2)*(43 + -3) is divided by 2?
0
Suppose -31*b = -26*b - 90. Suppose 0 = -4*l - 2*r + 568, 47*l - 46*l = 5*r + 142. Calculate the remainder when l is divided by b.
16
Let h(d) be the first derivative of d**3/3 + 15*d**2/2 + 3*d - 78. What is the remainder when h(6) is divided by 35?
24
Suppose -215 = -4*l - 0*l + q, 2*q - 259 = -5*l. What is the remainder when l is divided by (98/56)/((-140)/(-960))?
5
Let r(d) = d**3 - 6*d**2 + 4*d + 14. Let w(s) = 2*s**3 + 29*s**2 - 2*s - 44. What is the remainder when w(-14) is divided by r(6)?
28